is the ten thousands digit of 79777?
7
What is the tens digit of 3647?
4
What is the tens digit of 9098?
9
What is the hundreds digit of 34358?
3
What is the units digit of 49144?
4
What is the units digit of 4?
4
What is the tens digit of 20006?
0
What is the units digit of 11029?
9
What is the units digit of 14048?
8
What is the tens digit of 6588?
8
What is the tens digit of 21334?
3
What is the hundreds digit of 7290?
2
What is the hundreds digit of 18356?
3
What is the thousands digit of 1721?
1
What is the thousands digit of 1568?
1
What is the ten thousands digit of 79164?
7
What is the units digit of 1572?
2
What is the units digit of 70839?
9
What is the thousands digit of 61017?
1
What is the tens digit of 141778?
7
What is the hundreds digit of 828?
8
What is the hundreds digit of 235?
2
What is the tens digit of 10804?
0
What is the units digit of 5881?
1
What is the units digit of 55891?
1
What is the thousands digit of 1668?
1
What is the units digit of 42784?
4
What is the tens digit of 492?
9
What is the thousands digit of 7429?
7
What is the thousands digit of 14978?
4
What is the tens digit of 1996?
9
What is the thousands digit of 3750?
3
What is the tens digit of 8134?
3
What is the units digit of 222?
2
What is the thousands digit of 3230?
3
What is the hundreds digit of 105827?
8
What is the units digit of 117912?
2
What is the ten thousands digit of 103593?
0
What is the units digit of 11956?
6
What is the thousands digit of 171388?
1
What is the hundred thousands digit of 140988?
1
What is the thousands digit of 1191?
1
What is the units digit of 8826?
6
What is the tens digit of 38333?
3
What is the ten thousands digit of 95158?
9
What is the thousands digit of 4228?
4
What is the hundreds digit of 10210?
2
What is the ten thousands digit of 53736?
5
What is the hundreds digit of 593?
5
What is the hundreds digit of 4588?
5
What is the thousands digit of 4023?
4
What is the tens digit of 117?
1
What is the thousands digit of 22164?
2
What is the units digit of 4949?
9
What is the tens digit of 58771?
7
What is the thousands digit of 1307?
1
What is the tens digit of 7831?
3
What is the thousands digit of 1134?
1
What is the hundreds digit of 808?
8
What is the thousands digit of 9521?
9
What is the tens digit of 24817?
1
What is the ten thousands digit of 57648?
5
What is the hundreds digit of 398?
3
What is the hundreds digit of 61004?
0
What is the units digit of 1621?
1
What is the tens digit of 4172?
7
What is the hundreds digit of 2984?
9
What is the ten thousands digit of 25834?
2
What is the thousands digit of 3037?
3
What is the thousands digit of 6917?
6
What is the ten thousands digit of 24854?
2
What is the tens digit of 1085?
8
What is the hundreds digit of 3255?
2
What is the hundreds digit of 6194?
1
What is the hundreds digit of 544?
5
What is the thousands digit of 1220?
1
What is the thousands digit of 2252?
2
What is the ten thousands digit of 25339?
2
What is the units digit of 3?
3
What is the hundreds digit of 6296?
2
What is the units digit of 5031?
1
What is the ten thousands digit of 39906?
3
What is the hundreds digit of 632?
6
What is the tens digit of 32933?
3
What is the tens digit of 875?
7
What is the units digit of 1745?
5
What is the units digit of 7981?
1
What is the thousands digit of 2821?
2
What is the hundreds digit of 5299?
2
What is the hundreds digit of 912?
9
What is the hundreds digit of 117?
1
What is the units digit of 8375?
5
What is the tens digit of 1274?
7
What is the hundreds digit of 3854?
8
What is the units digit of 15065?
5
What is the units digit of 44700?
0
What is the units digit of 6169?
9
What is the units digit of 418?
8
What is the thousands digit of 13610?
3
What is the hundreds digit of 253?
2
What is the tens digit of 5274?
7
What is the tens digit of 59621?
2
What is the ten thousands digit of 12412?
1
What is the units digit of 30?
0
What is the tens digit of 8423?
2
What is the ten thousands digit of 52107?
5
What is the units digit of 3415?
5
What is the tens digit of 3818?
1
What is the hundreds digit of 2942?
9
What is the hundreds digit of 79525?
5
What is the thousands digit of 9608?
9
What is the tens digit of 32775?
7
What is the tens digit of 654?
5
What is the tens digit of 234?
3
What is the hundreds digit of 1337?
3
What is the thousands digit of 41639?
1
What is the thousands digit of 9754?
9
What is the thousands digit of 23373?
3
What is the tens digit of 6957?
5
What is the units digit of 2352?
2
What is the tens digit of 35487?
8
What is the units digit of 147788?
8
What is the thousands digit of 184958?
4
What is the units digit of 11830?
0
What is the thousands digit of 162146?
2
What is the units digit of 10884?
4
What is the hundreds digit of 40982?
9
What is the hundreds digit of 7516?
5
What is the tens digit of 77995?
9
What is the units digit of 306?
6
What is the thousands digit of 2543?
2
What is the thousands digit of 1476?
1
What is the hundred thousands digit of 112940?
1
What is the hundreds digit of 7552?
5
What is the tens digit of 69325?
2
What is the thousands digit of 3503?
3
What is the hundreds digit of 13125?
1
What is the units digit of 204?
4
What is the ten thousands digit of 57388?
5
What is the tens digit of 2053?
5
What is the ten thousands digit of 51429?
5
What is the tens digit of 87166?
6
What is the ten thousands digit of 14353?
1
What is the thousands digit of 2954?
2
What is the thousands digit of 10886?
0
What is the thousands digit of 105925?
5
What is the units digit of 9092?
2
What is the units digit of 164?
4
What is the thousands digit of 13671?
3
What is the tens digit of 913?
1
What is the thousands digit of 13269?
3
What is the tens digit of 3140?
4
What is the thousands digit of 9159?
9
What is the hundreds digit of 1992?
9
What is the hundreds digit of 2310?
3
What is the ten thousands digit of 15747?
1
What is the thousands digit of 81471?
1
What is the units digit of 2861?
1
What is the thousands digit of 1537?
1
What is the hundreds digit of 69871?
8
What is the hundreds digit of 34239?
2
What is the units digit of 1749?
9
What is the units digit of 14079?
9
What is the ten thousands digit of 43014?
4
What is the hundreds digit of 8280?
2
What is the tens digit of 1228?
2
What is the units digit of 4380?
0
What is the hundreds digit of 7312?
3
What is the tens digit of 4892?
9
What is the ten thousands digit of 103505?
0
What is the thousands digit of 68142?
8
What is the tens digit of 126?
2
What is the units digit of 727?
7
What is the tens digit of 51814?
1
What is the ten thousands digit of 11878?
1
What is the tens digit of 779?
7
What is the ten thousands digit of 17443?
1
What is the tens digit of 80?
8
What is the hundreds digit of 32432?
4
What is the hundreds digit of 1554?
5
What is the tens digit of 51826?
2
What is the tens digit of 2602?
0
What is the units digit of 6047?
7
What is the units digit of 125106?
6
What is the hundreds digit of 2421?
4
What is the tens digit of 5809?
0
What is the units digit of 43275?
5
What is the tens digit of 15552?
5
What is the ten thousands digit of 36785?
3
What is the tens digit of 154?
5
What is the units digit of 16520?
0
What is the thousands digit of 14760?
4
What is the tens digit of 1624?
2
What is the tens digit of 296?
9
What is the tens digit of 2280?
8
What is the thousands digit of 5140?
5
What is the ten thousands digit of 74722?
7
What is the tens digit of 229?
2
What is the tens digit of 1848?
4
What is the thousands digit of 2339?
2
What is the units digit of 161?
1
What is the units digit of 842?
2
What is the units digit of 1046?
6
What is the hundreds digit of 1194?
1
What is the units digit of 917?
7
What is the units digit of 3997?
7
What is the hundred thousands digit of 158477?
1
What is the hundreds digit of 4872?
8
What is the thousands digit of 3740?
3
What is the tens digit of 13985?
8
What is the thousands digit of 2454?
2
What is the tens digit of 45025?
2
What is the hundreds digit of 6547?
5
What is the units digit of 629?
9
What is the ten thousands digit of 30618?
3
What is the units digit of 1693?
3
What is the units digit of 2616?
6
What is the thousands digit of 53124?
3
What is the hundreds digit of